m + 5. Let w(o) = 4*o**2 - 6*o - 6. Let v(c) = 7*a(c) + 6*w(c). Give v(2).
9
Suppose m = x - m + 9, 2*x + 4*m + 10 = 0. Let y(k) = 10*k**3 - 10*k + 1. Let n(z) = -7*z**3 + 7*z - 1. Let r(v) = x*n(v) - 5*y(v). Determine r(2).
-4
Let x(f) = -f - 4. Let w be x(-6). Let z(c) = -c**3 - 5*c**w + 4*c - 3 - 5*c + 1. Calculate z(-5).
3
Let u be (12 - 1) + 5 + -7. Let m be ((-15)/u)/((-1)/3). Let d(i) = -i**2 + 6*i - 7. Calculate d(m).
-2
Let x(z) = -z**2 + 2*z - 21. Let s(a) = -2*a**2 + 5*a - 42. Let b(v) = -3*s(v) + 7*x(v). Calculate b(0).
-21
Let o(n) = -n**3 - 7*n**2 - n - 5. Let t(z) = -2*z**3 - 13*z**2 - 2*z - 8. Let s(c) = -7*o(c) + 4*t(c). Calculate s(-3).
6
Let d(a) be the second derivative of a**2 + 1/12*a**4 + 0 + 3*a + 5/6*a**3. Calculate d(-4).
-2
Let z(x) = 15*x**3 + 23*x**2 + 29*x + 20. Let d(f) = -7*f**3 - 11*f**2 - 14*f - 10. Let i(n) = -13*d(n) - 6*z(n). Determine i(-4).
-6
Let s(v) = v - 4. Suppose 3*f - 23 = 229. Suppose -28 = 8*k - f. Calculate s(k).
3
Suppose -3*o + 7 = -3*k - 26, -48 = -5*o - 2*k. Let f = -20 + o. Let l = f - -14. Let x(w) = w**2 - 3*w + 2. What is x(l)?
6
Let y(i) = 2*i - 1. Let b(k) = -2*k**2 + 3*k + 2. Let c be b(3). Let z be (-96)/42 - 2/c. Let l be z/5 + (-24)/15. Calculate y(l).
-5
Suppose 2*z + 8 = 2*j, j - 1 = -5*z + 9. Suppose -28 = 4*d - 10*o + j*o, d - 6 = -2*o. Let f be ((-15)/6 + 1)*d. Let c(s) = -s**2 + 5*s. What is c(f)?
6
Let w be 30/9 - 1/3. Let m(v) = -3*v - 4*v + 4*v + 2 + 2*v**2 - v**w. Calculate m(2).
-4
Let z(l) = 2*l. Let p(o) = -o. Let t(s) = 5*p(s) + 4*z(s). What is t(-2)?
-6
Let a = 81 + -82. Let d(c) = -3*c + 2*c + 1 + 3*c. What is d(a)?
-1
Suppose b = 3*b + 22. Let y(m) = 2*m - 6. Let f(l) = -10*l + 30. Let w(z) = b*y(z) - 2*f(z). Determine w(6).
-6
Let l(a) be the first derivative of -a**3/3 + 5*a**2/2 - 4*a - 7. Give l(6).
-10
Let l(u) = -5*u - 13. Let k(n) = 9*n + 25. Let o be 6/27 + 52/9. Let s(y) = o*k(y) + 11*l(y). Let i be (-1 - (-1 - 0))/(-2). Give s(i).
7
Let w(b) = -3*b**3 + b**2 - 7*b + 4. Let c(x) = x**3 + x. Let m(g) = -4*c(g) - w(g). What is m(-3)?
5
Let o(l) = -l**3 - 3*l**2 - l - 1. Let a = -20 + 8. Let b(n) = -n**3 - 13*n**2 - 12*n - 3. Let v be b(a). Give o(v).
2
Let w(m) = -5*m - 9. Let x(h) = 2*h + 3. Let t(n) = 3*w(n) + 8*x(n). Calculate t(5).
2
Suppose -3*b - 2*f - 52 = 0, -20 = -0*f + 4*f. Let r = 13 + b. Let h(j) = 6*j. What is h(r)?
-6
Let l(j) = j + 9. Suppose 10*k - 5*k = 0. What is l(k)?
9
Let p(c) = -16*c - 1. Let j be (-38)/(-57)*((-9)/(-2))/(-3). Determine p(j).
15
Let b(m) = -m. Let x(i) = 5*i - 4. Let v(n) = 4*b(n) + x(n). Let u = 25 + -19. Let a be 2 + -3 - (-6)/u. Calculate v(a).
-4
Suppose -12*a + 9*a + 9 = 0. Let j(f) = -4*f**3 + 5*f**2 - 2*f - 3. Let b(r) = 3*r**3 - 4*r**2 + r + 2. Let n(x) = -3*b(x) - 2*j(x). What is n(a)?
-6
Let p(b) be the first derivative of b - 1/2*b**2 + 4. Let x(r) = -r**3 + 6*r**2 - 5*r + 4. Let y be x(5). Give p(y).
-3
Let l(s) = s - 1. Let p(j) = 5*j - 6. Let g(a) = -14*l(a) + 2*p(a). Calculate g(3).
-10
Let g(v) = -6 + 1 - 32*v + 15*v + 16*v. Determine g(6).
-11
Let y = 0 + 0. Suppose -5*x = -y*x. Let v(c) = -c. What is v(x)?
0
Suppose 0 = r - 24 + 8. Let w(z) = -r - 7*z + 9 + 8. Calculate w(1).
-6
Let z(c) = -3*c**2 - c. Let o(u) = -3*u**2 - u. Let y(l) = -6*o(l) + 7*z(l). Let k be 18/14 + 4/(-14). Let x(g) = 2*g - 1. Let m be x(k). Give y(m).
-4
Let j(k) = k**2 + 10*k + 4. Let b(i) = 2*i**2 - 4*i - 11. Let o be b(5). Let g = 10 - o. Determine j(g).
-5
Suppose -11 = 4*o - 27. Suppose -n = -o*n - 12. Let a(k) = 2*k**2 + 7*k + 5. What is a(n)?
9
Let r(m) be the second derivative of 2*m**3/3 + 2*m**2 - 14*m. Determine r(3).
16
Let k(n) = n**2 - 5*n + 2. Suppose 2*q - 5 = 2*y - 1, -5*y - 1 = -2*q. What is k(q)?
-4
Let d(h) = -5*h**3 + 1. Let p = 21 - 20. What is d(p)?
-4
Let c be 3/(-2 + 5)*-5. Let d(q) = -5*q**3 + 4*q**2 - 6*q + 13. Let m(f) = f**3 - 1. Let z(j) = -d(j) - 6*m(j). Determine z(c).
-12
Let j(l) be the second derivative of -l**5/20 + l**4/12 - l**3/6 - 2*l. Determine j(1).
-1
Let f(u) = u**2 + u + 1. Let d(c) = -5*c**2 - 4*c - 5. Let j(m) = -2*d(m) - 9*f(m). Let i be j(2). Let a(b) = -b**3 + 2*b**2 + 2*b + 4. What is a(i)?
1
Let t(d) = -11*d + 6. Let i be t(1). Let y(b) = -b**3 - 6*b**2 - 5*b + 1. Calculate y(i).
1
Let g(m) = 6*m**2 - 1. Let q be g(-1). Suppose -q*i + 7 - 17 = 0. Let u(z) = -z**3 - 3*z**2 - z - 1. Determine u(i).
-3
Suppose 5*r + d + 29 = 0, 0 = r + 2*d + 2 + 11. Let l(v) be the second derivative of v**4/12 + 5*v**3/6 + 7*v**2/2 - 3*v - 7. Calculate l(r).
7
Let w(u) = 4*u + 0*u - 4*u**2 - 1 - u + 5*u**3 - 3*u**3. What is w(2)?
5
Let m = -4 - -6. Suppose -2*g - m + 6 = 0. Suppose -g*c + 0*c + 10 = 0. Let t(j) = -j**2 + 6*j - 1. Give t(c).
4
Let p(c) = c**2 - 3. Let q be p(0). Let g = q + 5. Let l(h) = 8*h**2 - 8*h + 22. Let y(r) = 3*r**2 - 3*r + 8. Let z(f) = 4*l(f) - 11*y(f). What is z(g)?
-2
Let a(m) = 6*m**2 + m. Let n(y) be the third derivative of -y**2 - 1/6*y**3 - 1/60*y**5 + 0*y + 0 + 1/24*y**4. Let o be n(0). Give a(o).
5
Let s(f) = -719*f**3 + 3 + 718*f**3 - 2*f**2 + 3*f + 0*f**2. Determine s(-2).
-3
Let d(j) = j**2 + j. Let a be 2*(-3)/((-24)/(-4)). What is d(a)?
0
Let b(g) be the second derivative of g**3/3 + 3*g**2 - 7*g. Suppose -3*v - 7 = 5. Calculate b(v).
-2
Suppose -8*v + 7 + 33 = 0. Let b(p) = p**3 - 5*p**2 - 3*p + 6. Determine b(v).
-9
Suppose -5*g + 2*v = v - 25, -4*v - 32 = -3*g. Let r(j) = 5*j - 6. Give r(g).
14
Let r be 4/(-18) - (-22)/18. Let t(s) = s**3 + s**2 + s. Let z(m) = 6*m**2 + m + 1. Let i(c) = r*t(c) - z(c). Give i(5).
-1
Let w(g) = g - 5. Let q(u) = -u + 4. Let d(p) = -3*q(p) - 2*w(p). Determine d(5).
3
Let o(t) be the third derivative of t**7/2520 + 7*t**6/720 + t**5/12 - 6*t**2. Let g(n) be the third derivative of o(n). Determine g(-6).
-5
Let x(q) = 2*q**2. Suppose 0*t = -4*a + t - 8, -4*a + 3*t - 16 = 0. Give x(a).
2
Let x(s) = -s. Let g(y) = 4*y**3 - 5*y - 1. Let r(k) = g(k) - 5*x(k). Let v be r(1). Let h(f) = -3*f + v - 6*f**2 + f**3 + 2*f**2 + 3*f. Calculate h(4).
3
Let r(o) = o**2 - 2*o - 3. Let j = 12 - 8. Let p be (6/j)/(3/8). Give r(p).
5
Let h(i) = -2*i + i + 2*i + 6. Let v(m) = -m**2 - 7*m - 5. Let x be (-12 - 2)/2*1. Let d be v(x). Calculate h(d).
1
Let q(d) = -d**3 - 2*d**2 - 3*d. Let i be q(-2). Let t(n) = -n**3 + 7*n**2 - 7*n + 2. What is t(i)?
-4
Let g = 3 + -1. Let n = 2 + g. Suppose s - n = 2. Let k(b) = -b**3 + 5*b**2 + 6*b - 5. Calculate k(s).
-5
Let j(u) = 3*u - 6. Suppose 4*p - 2*a - 20 = 0, 2*a = -3*p + 5 + 3. Let w be j(p). Let o(r) = -r**2 + 8*r - 5. Calculate o(w).
7
Let w(l) = -l**3 + 16*l**2 + 18*l - 16. Let j be w(17). Let p(u) = -5*u**2 + u - 1. What is p(j)?
-5
Let o(l) = -l**2 + 4. Suppose -5*d - 3*y = -12, -6 + 1 = -2*d - y. Determine o(d).
-5
Let x be -2 - -5 - 0/(-1). Suppose -x*d + 1 = 19. Let j(h) = -2*h - 3. What is j(d)?
9
Let j be (1 - 0 - 0)*7. Suppose 3*w = -5*q - 12 - j, -5*w + 10 = 0. Let f(p) = p**3 + 4*p**2 - 5*p + 3. Calculate f(q).
3
Let u = -4 + 10. Let l(q) = -7 + u - q**3 - 3*q - 2*q**2 + 3*q. What is l(-2)?
-1
Let w(g) = -3*g + 1. Let i(s) = 3*s + 1. Let y(p) = 4*p + 1. Let c(z) = 3*i(z) - 2*y(z). Let m be c(-3). What is w(m)?
7
Let c = -8 + 13. Suppose c*y = 2*j - 33, -2*j + 3*y = j - 27. Let a(l) = l + 4 - 4 + j*l**2. Calculate a(1).
5
Let i(v) = 7*v - v**2 + 0*v**2 + 0*v. Calculate i(6).
6
Suppose -5*u - 12 = -2*y - 2*y, 4*y + 5*u - 12 = 0. Let p(z) = z**2 + 4*z**3 + 0*z**2 - 2 - z**3 - 2*z**y. Give p(2).
10
Let n(l) be the second derivative of -l**5/20 + l**4/3 + 2*l**3/3 + l**2/2 - 8*l. Give n(5).
-4
Suppose 8*d - 3*d - 15 = 0. Let l(b) = -4*b + d*b - 3*b + 2*b - 7. Give l(-5).
3
Let y(i) = -3*i - 15. Let c be y(-5). Let x(b) be the second derivative of -1/20*b**5 + 1/6*b**3 + b**2 + c + 3*b - 1/3*b**4. Give x(-4).
-2
Let d be (-9)/15 - 3/(-5). Let c be (-2)/(d - (-4)/(-6)). Let a(m) = 0*m - 4*m - 1 + 7*m**c + 2*m. Determine a(-1).
-6
Let o be 0 + 4 + (-2 - -3). Let k(g) = 1. Suppose 5*b = 4*y + 24, 5*b - 6 - 16 = 2*y. Let h(d) = -d**2 + 7*d - 8. Let m(w) = y*h(w) - k(w). Determine m(o).
-3
Suppose 4*k - 25 = -5. Suppose -k*v = -4 + 34. Let q(p) = -p. Determine q(v).
6
Let j = 3 - 1. Let i(m) = 3 + 2*m**j + m - 3 - 5*m**2. What is i(1)?
-2
Suppose -p + 3*p = 0. Let m(x) = 2*x - x**3 + 5*x**2 - x - 